 - 2) - 2. What is the highest common factor of x and z?
12
Suppose 0 = -3*m + m + w + 88, 4*w = -4*m + 200. Calculate the highest common factor of 184 and m.
46
Suppose 9*g - 591 = 6*g. Suppose 4*v = 19 + g. Suppose 5*i = 3*i + v. What is the highest common divisor of 3 and i?
3
Let h be (-7 - (5 - 28)) + -10. What is the highest common divisor of 39 and h?
3
Let z(i) = i**3 + i**2 + i + 15. Let k be z(0). What is the highest common factor of 240 and k?
15
Let h(d) = 2*d**2 + 4. Let j be h(-2). Let u be (j/48)/((-1)/(-24)). What is the highest common divisor of 18 and u?
6
Let n(p) = 3*p**2 - 48*p + 425. Let l be n(10). Calculate the highest common factor of 350 and l.
35
Let z be ((-8)/(-2) - 47)*-1. Let j = z - 27. Suppose -73 = -3*m - 3*x - 13, -5*m - 4*x + 104 = 0. Calculate the greatest common factor of j and m.
8
Let l be ((-10)/(-4))/((-2)/4*1). Let n(j) = -j + 28. Let t be n(l). What is the greatest common divisor of 3 and t?
3
Let c(s) = -2*s**3 - 3*s**2 - 2*s - 1. Let x = -6 + 2. Let p be c(x). Let o = -2468 - -2526. What is the highest common divisor of p and o?
29
Let a be (1312/(-80) + 14)/((-2)/10). Suppose 0*c - 8 = -2*c. What is the greatest common factor of a and c?
4
Suppose 80*l = 88*l - 128. Calculate the highest common factor of 176 and l.
16
Let i be (-2)/(-12) + (-58)/(-12). Suppose -i*y + q + 71 = -q, q + 73 = 5*y. Suppose 2*s + 135 = 5*s. Calculate the highest common factor of y and s.
15
Let x be 6/12*(-42)/(-1). Suppose 4*m - 2*m - 4 = 0. Suppose -m*r = -0*r, 2*r = -5*s + 525. Calculate the greatest common factor of x and s.
21
Suppose -4*p + 0*o + 265 = -o, -350 = -5*p - 5*o. Suppose 7*l + p = 179. Calculate the highest common factor of l and 112.
16
Let u be (-3*(-5)/4)/((-4)/16). Let q(i) = -i**2 - 17*i + 35. Let k be q(u). Calculate the greatest common divisor of k and 13.
13
Let t(g) = g**2 + 16*g + 3. Let d be t(-16). Let p be (1/2)/(d/30). What is the highest common factor of 10 and p?
5
Let n(t) = t**3 - t**2 - t - 1. Let w be n(2). Let s = -822 - -834. Calculate the greatest common divisor of w and s.
1
Let t(m) = -m + 20. Let b be t(18). Suppose 4*c = l + 321, -c = -0*c - b*l - 82. What is the highest common divisor of 20 and c?
20
Let u be 5/2*(-6 - -8). Suppose 4*k + u*t = -0*k + 21, 4*t = k. Suppose 0 = n + k, -c + 4*n + 15 = n. Calculate the highest common factor of 3 and c.
3
Let l = -47 - -74. Let n = 94 - 46. Let o be (-18)/(-8)*(n - 0). Calculate the greatest common factor of l and o.
27
Let v(q) be the first derivative of q**3 - q**2 + 2*q + 5. Let u be v(1). Calculate the greatest common factor of 27 and u.
3
Suppose -19*c = -23*c - 52. Let w = 19 + c. Let z = 10 - -32. Calculate the greatest common divisor of z and w.
6
Suppose 3*z + 5*r - 68 = 0, -2*r - r = -2*z + 39. Let s(v) = v**2 + 11*v + 21. Let t be s(10). What is the highest common factor of z and t?
21
Let x be 14/77 + 9/11. Let q be 0*(-5)/(-5) - (-60)/x. What is the greatest common divisor of 4 and q?
4
Let z(s) = -s**3 + 15*s**2 - 12*s - 24. Let i be z(14). Suppose -4*t = -2*m + 90, m - i*t = 12 + 39. What is the greatest common divisor of 351 and m?
39
Suppose 2*s = 4*g - 338, -10*g + 363 = -6*g + 3*s. What is the greatest common divisor of g and 174?
87
Let p(z) = z**2 - 10*z - 25. Let q be p(-6). Let k = 77 - q. What is the highest common divisor of k and 6?
6
Let a(g) = g**3 + 4*g**2 - 7*g + 1. Let f be a(-5). Suppose -3*q = -19 - f. Suppose 0 = 4*m - 90 - q. What is the highest common factor of m and 5?
5
Suppose 3*f + f + 56 = 0. Let x be (212/(-21) + 8/12)*f. Calculate the highest common divisor of 12 and x.
12
Let w(o) = o**3 - 3*o**2 - 9. Let y(c) = 2*c**3 - 6*c**2 - c - 19. Let i(n) = 13*w(n) - 6*y(n). Let r be i(2). Calculate the greatest common factor of 55 and r.
5
Suppose 30*a = 60*a - 270. Calculate the highest common factor of 153 and a.
9
Suppose 0 = -4*m - m + 40. Suppose -112 = -3*f + 4*u, 5*f + u = -m + 164. Calculate the greatest common factor of 8 and f.
8
Suppose -4*t + 32 = -28. Let m be ((-18)/t)/(6/(-70)). What is the greatest common divisor of 98 and m?
14
Let w(s) = -2*s - 2. Let v(h) = -17*h - 25. Let r(t) = v(t) - 6*w(t). Let q = 10 + -16. Let a be r(q). What is the highest common factor of a and 170?
17
Let v(l) = 2*l**2 + 12*l - 22. Let t be v(-9). Calculate the greatest common divisor of 944 and t.
16
Let y(t) = -t**2 + 34*t - 124. Let d be y(29). What is the greatest common divisor of d and 1029?
21
Let c = 61 - 61. Suppose 0 = 2*n + 2*q - 2, -4*n - q + 13 = -c*n. Let h = 19 + 1. Calculate the greatest common factor of h and n.
4
Suppose -2*q + 5*f + 15 + 65 = 0, q + 5*f = 10. What is the highest common divisor of 75 and q?
15
Let t(y) be the third derivative of y**5/20 + 5*y**4/24 - 5*y**3/3 - 26*y**2. Let x be t(-5). What is the highest common divisor of x and 5?
5
Let k = -2 + 6. Let t(m) = 5*m - 11. Let y be t(k). What is the highest common factor of y and 72?
9
Suppose -32 + 122 = 5*u. Suppose 0*z - z = -u. Suppose -7*v + 339 = -795. What is the greatest common factor of z and v?
18
Let s(q) = -q**3 + 6*q**2 - 4*q + 3. Suppose -7*t + 5*x = -3*t - 20, 2*t - 10 = x. Let f be s(t). Calculate the highest common factor of f and 4.
4
Let s be -2 + 7898/5 - (-336)/840. Calculate the highest common divisor of 6 and s.
6
Suppose 0 = -3*h + 2*z + 37, 5*z - 12 = -4*h - 1. Let g = 4 + -5. Let p(v) = -8*v**3 - 2*v - 1. Let c be p(g). What is the greatest common factor of h and c?
9
Let k = 188 + -176. Calculate the highest common factor of 900 and k.
12
Suppose -707 = -5*b + 2*o, 23*o - 21*o = 4*b - 566. What is the greatest common divisor of 846 and b?
141
Let p = 74 + -60. Let s = 7 - 12. Let l = s + p. What is the greatest common factor of 36 and l?
9
Suppose -5*v - 2*o = -4*v - 45, 136 = 3*v + 5*o. Suppose 3*d - w = w + v, -2*w + 86 = 4*d. What is the greatest common factor of d and 285?
19
Let c be 4 + 42/7 + -10 + 7. Calculate the greatest common divisor of c and 175.
7
Let j = -261 + 286. Calculate the highest common divisor of 40 and j.
5
Let v(q) = -q**2 + 9*q - 28. Let l(b) = -3*b + 9. Let k(j) = -7*l(j) - 2*v(j). Let i be k(3). Calculate the highest common factor of i and 5.
5
Let w = -138 + 156. Let j(l) = -l + 7. Let t be j(-11). Calculate the highest common divisor of t and w.
18
Suppose o - 1 = 1, 3*o = 5*v + 86. Let b = v + 40. Calculate the greatest common divisor of 8 and b.
8
Let n = 45 - -46. Let v = 223 - n. Let f(q) = -q**3 + 5*q**2 - 2*q. Let c be f(3). Calculate the greatest common factor of v and c.
12
Suppose -86 + 23 = -7*g. Let a = -283 + 436. Calculate the highest common divisor of a and g.
9
Let b = 235 - 205. Calculate the highest common divisor of b and 30.
30
Let m(u) = 12*u + 23. Let d be m(-13). Let j = d + 197. What is the greatest common divisor of j and 8?
8
Let k(i) = 4*i**2 + 82*i + 30. Let g be k(-25). Calculate the greatest common factor of 16 and g.
16
Let z = -322 + 504. What is the greatest common divisor of z and 117?
13
Suppose 0 = -3*z - 5*a + 84, z + 2*z = -4*a + 84. What is the highest common divisor of 154 and z?
14
Suppose 5*r = 3*r + 2*w + 128, -370 = -5*r - 5*w. What is the highest common divisor of 345 and r?
69
Let r be -2 - (-13 + 7) - (-238 - 0). Calculate the highest common divisor of 22 and r.
22
Let c = 88 - 88. Let n be -4 + c + 1070/5. Calculate the greatest common factor of n and 30.
30
Let n(y) = -13*y - 5. Let x be n(-5). Let z = -1698 + 1713. Calculate the highest common factor of z and x.
15
Let o(g) = 39*g + 16 - g**3 - 8*g - 7*g**2 - 22*g. Let h be o(-8). What is the highest common divisor of h and 20?
4
Let h = -191 - -200. Let l(b) = b**2 + b + 9. Let q be l(0). Calculate the highest common factor of q and h.
9
Let a = -49 + 66. Let m(j) = -j**2 + 18*j + 8. Let u be m(a). Calculate the highest common factor of 5 and u.
5
Let z = -7 + 14. Let g(l) = 4*l**2 - l + 1. Let n be g(1). Suppose -67 = -v - n. What is the greatest common divisor of z and v?
7
Let i = 153 + -47. Suppose -8 = -2*u - 2*u, 3*q + 5*u = i. Suppose -2 = 2*y - q. What is the highest common factor of y and 30?
15
Suppose 16 = -3*v - 59. Let i be (-3)/(30/v) + (-6)/4. Calculate the highest common factor of 11 and i.
1
Suppose -2*f + 987 = f - 5*m, -4*f + m + 1316 = 0. 